What are the prime factors of r?
2
Suppose 0 = 10*z - 5*z - 1730. What are the prime factors of z?
2, 173
Suppose 3*l + 2*i + 143 = 0, 2*l + 102 = 3*i - i. Let c = l - -104. List the prime factors of c.
5, 11
Suppose y + 82 = -17. Let q = y - -119. List the prime factors of q.
2, 5
Let b be (-13 - -99) + 0 + 0. Suppose -49*u + 51*u = b. What are the prime factors of u?
43
Suppose -282 = -3*i - 4*p, 4*i = -3*p + 4*p + 357. Suppose -91 - i = -s. List the prime factors of s.
181
Let k(y) = 2*y - 8. Let g be (-110)/33*(-18)/10. Let o be k(g). Suppose -z + 49 = 3*h, 4*z + o*h - 88 = 2*z. What are the prime factors of z?
2, 17
Let q(z) = 19*z + 28. List the prime factors of q(8).
2, 3, 5
Suppose -9*w + 3494 = -5*w + 2*v, -5*w + v + 4364 = 0. List the prime factors of w.
3, 97
Suppose -3*l = 3*s - 480, 4*s - 55*l + 57*l - 650 = 0. List the prime factors of s.
3, 5, 11
Let j(r) = 323*r**2 + 3*r - 5. List the prime factors of j(1).
3, 107
What are the prime factors of (-2 - -3)/(3/66)?
2, 11
Suppose 255 = -9*t + 14*t. Suppose 97 = 4*x - q, 0 = -q + 7 - 4. Let s = t - x. List the prime factors of s.
2, 13
Let q be 8 + ((-3)/2*2 - 1). Suppose q*j + 2*b - 610 = 0, 4*j = 3*b + 271 + 334. List the prime factors of j.
2, 19
Let p be 11/2 + 3/(-6). Suppose -275 = -p*z + 430. What are the prime factors of z?
3, 47
Let j(b) = 9*b - 1. Let l be j(5). Let m = 73 - l. Suppose 0 = x + s - m, -x + 0*s - 4*s = -32. List the prime factors of x.
2, 7
Let q be (2/(-4))/(2/16). Let o(b) = -6*b**2 - 19*b - 8. Let r(y) = -3*y**2 - 9*y - 4. Let z(m) = 2*o(m) - 5*r(m). List the prime factors of z(q).
2, 3
Suppose 3*b - 4*b = 4. Let z be ((-7)/4)/(1/4). List the prime factors of (b - z) + -1 + 4.
2, 3
Let o = 15 - 11. Suppose -o*y - 39 = -3*j + 190, -3*j = 2*y - 223. Suppose -s = -5*n + j, 0 = -n - 0*s + 4*s - 4. List the prime factors of n.
2
Suppose -2*g = -5*m - 23, -2 = -2*g - 4*m - 6. List the prime factors of g.
2
Let u(g) = 3*g + 4. Let h(k) = 4*k + 5. Let s(a) = 4*h(a) - 5*u(a). Let c be (-1)/3 - 140/(-15). List the prime factors of s(c).
3
Let x be (2 + (-10)/(-3))*3. Suppose -3*z - z = x. List the prime factors of (-2)/z - 156/(-8).
2, 5
Let o(v) = 9*v**2 + 5*v + 4. Let d(m) = 26*m**2 + 15*m + 12. Let z(s) = 6*d(s) - 17*o(s). What are the prime factors of z(3)?
2, 23
Suppose 29*c - 24720 = -6334. List the prime factors of c.
2, 317
Let c(f) = f**2 - 7*f - 23. Suppose -3*r + 32 = -16. What are the prime factors of c(r)?
11
Let z(q) = -3*q - 1. Let n be z(1). Let w = -52 - -50. What are the prime factors of n/w*(-91)/(-14)?
13
Let f = -5 + 13. Let w(c) = c**3 - 9*c**2 - 3*c + 9. Let b be w(f). Let j = 142 + b. List the prime factors of j.
3, 7
Let x(m) = 209*m**2 + 8. List the prime factors of x(-3).
1889
Let o(b) = b**3 - 3*b + 4. Let k be o(2). Suppose 4*z - m = 242, z + 2*m = k*z - 301. List the prime factors of z.
61
Suppose b = 5*q + 193 - 64, -3*b = q + 13. Let n be (171/(-5))/(5/q). Suppose -3*r - 5*f = -r - 90, 5*r = f + n. List the prime factors of r.
5, 7
Suppose -5*b = -3*u + 325, u = -4*u + 2*b + 529. Suppose 2*h + u = 7*h. Let r = h + -8. What are the prime factors of r?
13
Let x = 9 + -11. Let s be (-1 + 3/(-6))*x. Suppose -4*v = -s*v - 35. What are the prime factors of v?
5, 7
Suppose -5*o + 3 - 33 = 0. What are the prime factors of (o/10)/(1/(-255))?
3, 17
Let t = -142 + 266. Suppose -3*y - u + 93 = 0, -2*y - 2*y = -5*u - t. List the prime factors of y.
31
Suppose 4*i + 5*m + 243 = 0, -5*i + 0*i - 297 = 4*m. Let y = i - -111. List the prime factors of (14 + -19)*y/(-5).
2, 3
Suppose 0 = -4*o + 4*v - 32, 3*o + 3*v = 8*v - 26. Let z(j) = j**3 + 9*j**2 - j - 5. What are the prime factors of z(o)?
2, 5
Let q(z) = -z**3 - 5*z**2 - 2*z - 2. Let p be q(-5). Suppose h - p = -2*r, 0*h + 5*h - 19 = -3*r. What are the prime factors of h/(-5) - 284/(-10)?
2, 7
Suppose 2*m - 231 = 77. Let c = m - 102. List the prime factors of c.
2, 13
Suppose 0 = -5*h - 11 + 26, a = -5*h + 376. What are the prime factors of a?
19
Let v(h) = 30 - 4*h - h**2 - 7*h - 18. Suppose 5*f + 54 = -0*f + 2*w, -8 = f + w. What are the prime factors of v(f)?
2, 11
Suppose 2*g - 265 = -r - 4*r, 3*r = -9. List the prime factors of g.
2, 5, 7
Let f be (-5 - -5 - -7) + 1. Let r(a) = -4*a**2 + 12*a - 3. Let x(y) = 7*y**2 - 24*y + 7. Let m(u) = -5*r(u) - 3*x(u). List the prime factors of m(f).
2, 13
Let v(j) = -j**3 + 5*j**2 + 3*j - 3. Suppose -3*y + 2*y = -5. What are the prime factors of v(y)?
2, 3
Suppose x + 8*z - 9*z = 1541, -3*x - 4*z = -4630. List the prime factors of x.
2, 3, 257
Let j(n) = 2*n + 5. Let t(r) = 1. Let u(d) = -d - 1. Let y(k) = -t(k) - u(k). Let w(z) = -j(z) + 6*y(z). List the prime factors of w(2).
3
What are the prime factors of (3 - -1)/((-2)/(-496))?
2, 31
Let y(d) = -d**3 - 3*d**2 + 3*d. Let q be y(-4). Let z be (q + 1)*8/20. Suppose 25 = z*k - 27. What are the prime factors of k?
2, 13
Suppose 0 = -4*z + 5*z - 2. Suppose 0 = -z*m - 2*m + 140. List the prime factors of 4 + -4 + 1*m.
5, 7
Suppose -5*q + o = -62, -5*q + 6*o - o = -50. Let h = 5 - q. What are the prime factors of (-98)/h + (-6)/24?
2, 3
Let v(r) be the first derivative of r**4/4 + 3*r**3 + 6*r**2 + 6*r - 9. Let a = 4 - 11. What are the prime factors of v(a)?
2, 5
Suppose 7*i = 5*i + 28. Suppose i*v - 756 = 7*v. List the prime factors of v.
2, 3
Let g = 18 - 16. Suppose 2*v + g*j = -4, 0 = -j + 1 + 2. What are the prime factors of (52/10)/((-2)/v)?
13
Suppose -5*q + 4*q = 10. Let t(u) = -u**2 + 5*u + 19. Let k be t(7). What are the prime factors of ((-77)/2)/(k/q)?
7, 11
Suppose 3*p - 3 = -4*f + 1, -p = 2*f - 2. Let t(b) = -3*b**2 - 5*b + 4*b**2 + p*b**2 - 2. List the prime factors of t(7).
2, 3
Suppose -2*x = x. Suppose x*i - 3*i + 1770 = 0. List the prime factors of (-1)/2 - i/(-20).
29
Let d(s) be the second derivative of 5/2*s**2 + 0 - s + 1/2*s**3. What are the prime factors of d(5)?
2, 5
Let f = 15 - 12. Let b be 133 - (f + (-4 - 0)). Suppose 3*o - o = b. What are the prime factors of o?
67
Suppose w + 4*w = l - 36, 3*l + 5*w = 8. Suppose l*m - 5*m + 36 = 0. Let q(p) = -p**2 - 8*p + 4. List the prime factors of q(m).
2
Let x = -1028 + 675. Let u = x - -512. List the prime factors of u.
3, 53
Suppose -p = 4*p - 20, -4*p = 4*k - 88. Suppose -4*a - k = -a. Let l = 25 + a. List the prime factors of l.
19
Let a be (-660)/(-42) - (-2)/7. Let i = -11 + a. Suppose 6*v = i*v + 11. List the prime factors of v.
11
Suppose 7*y = 7 + 7. Suppose y*w - 76 = 56. What are the prime factors of w?
2, 3, 11
Let c(p) = p**2 - 3*p - 1. Suppose 0 = -h - 4*k + 44, 0*k + 5*k + 81 = 3*h. Suppose 2*r - 2*j - h = 3*j, -4 = -2*r - 2*j. What are the prime factors of c(r)?
17
Let d = -132 - 335. Let l = 811 + d. What are the prime factors of l?
2, 43
Suppose 3*l = -2*x + 153 + 414, 876 = 3*x - 4*l. List the prime factors of x.
2, 3
Let u = -1484 - -3605. What are the prime factors of u?
3, 7, 101
Let p(h) = -h**3 - 9*h**2 + 25*h + 35. List the prime factors of p(-11).
2
What are the prime factors of 34937/(-14)*(-52)/91?
2, 23, 31
Let y(r) = 4*r**2 + r + 1. Let d(b) = -b + 12. Let c be d(9). List the prime factors of y(c).
2, 5
Let f(z) = -z**3 - 11*z**2 - 10*z + 13. Let o be f(-10). Suppose -2*a + 5 = o. What are the prime factors of -2*(0 - (-6)/a)?
3
Suppose 5*i = -259 + 894. Let k(c) = c**3 - 13*c**2 + 5*c + 17. Let u be k(12). Let m = u + i. What are the prime factors of m?
2, 3, 5
Suppose 38 = 2*m + i, -3*i + 2*i - 13 = -m. Let o(b) = 17*b + 4. Let h(c) = 50*c + 11. Let k(z) = m*o(z) - 6*h(z). List the prime factors of k(-1).
13
Let o be 0 + 0 + 0 + 0. Suppose 170*y = 154*y - 32. List the prime factors of o - (y - 108/4).
29
List the prime factors of (-15)/6*(-159522)/165.
2417
Suppose -2854 - 49156 = -10*c. List the prime factors of c.
7, 743
Let n(w) be the third derivative of -w**6/120 + 11*w**5/30 + 13*w**4/12 - 35*w**3/6 - 2*w**2. What are the prime factors of n(23)?
2, 17
Let v = -4 - -8. Suppose -5*y = 2*i + v + 72, 5*y + 119 = -3*i. What are the prime factors of i/(-3 - -2) - 3?
2, 5
Let g be ((-2)/(-6))/((-1)/(-3)) + 3. Suppose 2*t - 269 = -c, -g*c - 2*t - t = -1071. List the prime factors of c.
3, 89
Let p(r) = -r**2 + 2 - 8*r + 10 + 2*r**2. Let t be p(6). Suppose l + t*l + 4 = 0, -w = 5*l - 10. List the prime fa